{"id":369,"date":"2023-07-22T12:00:11","date_gmt":"2023-07-22T12:00:11","guid":{"rendered":"https:\/\/gdhukukarabuluculuk.com\/?page_id=369"},"modified":"2023-07-22T12:00:12","modified_gmt":"2023-07-22T12:00:12","slug":"sirketler-hukuku","status":"publish","type":"page","link":"https:\/\/gdhukukarabuluculuk.com\/?page_id=369","title":{"rendered":"\u015eirketler Hukuku"},"content":{"rendered":"\n<figure class=\"wp-block-image size-full\"><img loading=\"lazy\" decoding=\"async\" width=\"1000\" height=\"563\" src=\"https:\/\/gdhukukarabuluculuk.com\/wp-content\/uploads\/2023\/07\/bursa-sirketler-hukuku.jpg\" alt=\"\" class=\"wp-image-370\" srcset=\"https:\/\/gdhukukarabuluculuk.com\/wp-content\/uploads\/2023\/07\/bursa-sirketler-hukuku.jpg 1000w, https:\/\/gdhukukarabuluculuk.com\/wp-content\/uploads\/2023\/07\/bursa-sirketler-hukuku-300x169.jpg 300w, https:\/\/gdhukukarabuluculuk.com\/wp-content\/uploads\/2023\/07\/bursa-sirketler-hukuku-768x432.jpg 768w\" sizes=\"auto, (max-width: 1000px) 100vw, 1000px\" \/><\/figure>\n\n\n\n<p><\/p>\n\n\n\n<p><strong>Ticaret hukuku<\/strong>&nbsp;kavram\u0131n\u0131 a\u00e7\u0131klamak gerekirse; ticaretle ilgili faaliyetleri d\u00fczenleyen hukuk dal\u0131 olarak a\u00e7\u0131klanabilir. \u00d6zel hukuk dal\u0131 olan ticaret hukukunun en \u00f6nemli kayna\u011f\u0131 6102 say\u0131l\u0131 T\u00fcrk Ticaret Kanunu\u2019dur. Taraflar\u0131n ticari ili\u015fkilerinde olu\u015fan uyu\u015fmazl\u0131klara \u00e7\u00f6z\u00fcm \u00fcreten ticaret hukuku hayat\u0131m\u0131zdaki \u00f6nemli yeri sebebiyle hukukun en kapsaml\u0131 alt dallar\u0131ndan da biridir.<\/p>\n\n\n\n<p>Ticaret hukukunun \u00e7ok kapsaml\u0131 olmas\u0131 ve mevzuat\u0131n devaml\u0131 g\u00fcncellenmesi sebebiyle tecr\u00fcbe gerektirmesi yan\u0131 s\u0131ra yeni bilgileri edinme ve uygulama gereklili\u011fini de do\u011furmaktad\u0131r. Ticari i\u015fletme hukuku, \u015firketler hukuku, k\u0131ymetli evrak hukuku, deniz ticaret hukuku, fikri ve s\u0131nai m\u00fclkiyet hukuku, sigorta hukuku gibi bir\u00e7ok hukuk dal\u0131 da ticaret hukuku kapsam\u0131nda de\u011ferlendirilmektedir.<\/p>\n\n\n\n<p>Ticaret hukukunun inceleme yaparken merkez ald\u0131\u011f\u0131 baz\u0131 kavramlar bulunmaktad\u0131r. Bunlar; ticari i\u015fletme, ticari i\u015f, tacir, ticaret unvan\u0131 ve i\u015fletme ad\u0131, haks\u0131z rekabet, marka, ticaret sicili, tacir yard\u0131mc\u0131lar\u0131, ticari defterler gibi kavramlard\u0131r.<\/p>\n\n\n\n<p>Ticaret hukuku kapsam\u0131ndaki ticari davalar Asliye Ticaret Mahkemelerinde g\u00f6r\u00fclmektedir.<\/p>\n\n\n\n<p>\u015eirketler hukuku; ticari faaliyette bulunan ve t\u00fczel ki\u015fili\u011fi bulunan ticaret ortakl\u0131klar\u0131n\u0131n kurulu\u015fu, sermaye yap\u0131lar\u0131, t\u00fcrleri, temsil edilmeleri, sona ermeleri ve tas\ufb01yeleri gibi konular\u0131 inceleyen ticaret hukuku ait dal\u0131d\u0131r<\/p>\n\n\n\n<p>Ticaret hukuku kapsam\u0131nda \u015firketlerin avukatlardan yard\u0131m alaca\u011f\u0131 konulardan baz\u0131lar\u0131 \u015funlard\u0131r;<\/p>\n\n\n\n<ul class=\"wp-block-list\">\n<li>Ticari davalar\u0131n a\u00e7\u0131lmas\u0131 ve davan\u0131n takip edilmesi<\/li>\n\n\n\n<li>Poli\u00e7e, bono, \u00e7ek alacaklar\u0131n\u0131n dava ve icra yoluyla tahsili<\/li>\n\n\n\n<li>\u015eirket ana s\u00f6zle\u015fmesinin haz\u0131rlanmas\u0131<\/li>\n\n\n\n<li>\u015eirketlerin kurumsal i\u015fleyi\u015fine dair dan\u0131\u015fmanl\u0131k sa\u011flanmas\u0131<\/li>\n\n\n\n<li>\u015eirket y\u00f6netim kurulu kararlar\u0131n\u0131n de\u011ferlendirilmesi ile genel kurul i\u015flemlerinin incelenmesi<\/li>\n\n\n\n<li>Sermaye art\u0131\u015f\u0131 veya azalt\u0131lmas\u0131 i\u015flemleri hakk\u0131nda dan\u0131\u015fmanl\u0131k hizmeti verilmesi<\/li>\n\n\n\n<li>Birle\u015fme ve devralma i\u015flemlerinin yap\u0131lmas\u0131<\/li>\n\n\n\n<li>\u015eirkete ait marka, patent ve faydal\u0131 modeller ile ilgili davalar\u0131n takip edilmesi<\/li>\n\n\n\n<li>\u015eirket tasfiyesi s\u00fcrecinin y\u00f6netimi<\/li>\n<\/ul>\n","protected":false},"excerpt":{"rendered":"<p>Ticaret hukuku&nbsp;kavram\u0131n\u0131 a\u00e7\u0131klamak gerekirse; ticaretle ilgili faaliyetleri d\u00fczenleyen hukuk dal\u0131 olarak a\u00e7\u0131klanabilir. \u00d6zel hukuk dal\u0131 olan ticaret hukukunun en \u00f6nemli kayna\u011f\u0131 6102 say\u0131l\u0131 T\u00fcrk Ticaret Kanunu\u2019dur. Taraflar\u0131n ticari ili\u015fkilerinde olu\u015fan uyu\u015fmazl\u0131klara \u00e7\u00f6z\u00fcm \u00fcreten ticaret hukuku hayat\u0131m\u0131zdaki \u00f6nemli yeri sebebiyle hukukun en kapsaml\u0131 alt dallar\u0131ndan da biridir. Ticaret hukukunun \u00e7ok kapsaml\u0131 olmas\u0131 ve mevzuat\u0131n devaml\u0131 g\u00fcncellenmesi&hellip;&nbsp;<a href=\"https:\/\/gdhukukarabuluculuk.com\/?page_id=369\" rel=\"bookmark\">Daha fazlas\u0131n\u0131 oku &raquo;<span class=\"screen-reader-text\">\u015eirketler Hukuku<\/span><\/a><\/p>\n","protected":false},"author":1,"featured_media":0,"parent":0,"menu_order":0,"comment_status":"closed","ping_status":"closed","template":"","meta":{"neve_meta_sidebar":"","neve_meta_container":"","neve_meta_enable_content_width":"","neve_meta_content_width":0,"neve_meta_title_alignment":"","neve_meta_author_avatar":"","neve_post_elements_order":"","neve_meta_disable_header":"","neve_meta_disable_footer":"","neve_meta_disable_title":"","_themeisle_gutenberg_block_has_review":false,"footnotes":""},"class_list":["post-369","page","type-page","status-publish","hentry"],"_links":{"self":[{"href":"https:\/\/gdhukukarabuluculuk.com\/index.php?rest_route=\/wp\/v2\/pages\/369","targetHints":{"allow":["GET"]}}],"collection":[{"href":"https:\/\/gdhukukarabuluculuk.com\/index.php?rest_route=\/wp\/v2\/pages"}],"about":[{"href":"https:\/\/gdhukukarabuluculuk.com\/index.php?rest_route=\/wp\/v2\/types\/page"}],"author":[{"embeddable":true,"href":"https:\/\/gdhukukarabuluculuk.com\/index.php?rest_route=\/wp\/v2\/users\/1"}],"replies":[{"embeddable":true,"href":"https:\/\/gdhukukarabuluculuk.com\/index.php?rest_route=%2Fwp%2Fv2%2Fcomments&post=369"}],"version-history":[{"count":1,"href":"https:\/\/gdhukukarabuluculuk.com\/index.php?rest_route=\/wp\/v2\/pages\/369\/revisions"}],"predecessor-version":[{"id":371,"href":"https:\/\/gdhukukarabuluculuk.com\/index.php?rest_route=\/wp\/v2\/pages\/369\/revisions\/371"}],"wp:attachment":[{"href":"https:\/\/gdhukukarabuluculuk.com\/index.php?rest_route=%2Fwp%2Fv2%2Fmedia&parent=369"}],"curies":[{"name":"wp","href":"https:\/\/api.w.org\/{rel}","templated":true}]}}