{"id":142,"date":"2020-02-24T14:01:31","date_gmt":"2020-02-24T14:01:31","guid":{"rendered":"https:\/\/demosites.io\/lawyers-gb\/?page_id=142"},"modified":"2024-01-29T12:32:26","modified_gmt":"2024-01-29T12:32:26","slug":"homepage","status":"publish","type":"page","link":"https:\/\/gdhukukarabuluculuk.com\/","title":{"rendered":"Ana Sayfa"},"content":{"rendered":"\n<div id=\"wp-block-themeisle-blocks-advanced-columns-b4c18e12\" class=\"wp-block-themeisle-blocks-advanced-columns alignfull has-1-columns has-desktop-equal-layout has-tablet-equal-layout has-mobile-equal-layout has-vertical-unset\"><div class=\"wp-block-themeisle-blocks-advanced-columns-overlay\"><\/div><div class=\"innerblocks-wrap\">\n<div id=\"wp-block-themeisle-blocks-advanced-column-9ae13783\" class=\"wp-block-themeisle-blocks-advanced-column\">\n<figure class=\"wp-block-image size-large is-resized\"><img loading=\"lazy\" decoding=\"async\" width=\"1024\" height=\"724\" src=\"https:\/\/gdhukukarabuluculuk.com\/wp-content\/uploads\/2024\/01\/logo-2-1024x724.jpg\" alt=\"\" class=\"wp-image-418\" style=\"width:643px;height:454px\" srcset=\"https:\/\/gdhukukarabuluculuk.com\/wp-content\/uploads\/2024\/01\/logo-2-1024x724.jpg 1024w, https:\/\/gdhukukarabuluculuk.com\/wp-content\/uploads\/2024\/01\/logo-2-300x212.jpg 300w, https:\/\/gdhukukarabuluculuk.com\/wp-content\/uploads\/2024\/01\/logo-2-768x543.jpg 768w, https:\/\/gdhukukarabuluculuk.com\/wp-content\/uploads\/2024\/01\/logo-2.jpg 1462w\" sizes=\"auto, (max-width: 1024px) 100vw, 1024px\" \/><\/figure>\n<\/div>\n<\/div><\/div>\n\n\n\n<div id=\"wp-block-themeisle-blocks-advanced-columns-9b29ca44\" class=\"wp-block-themeisle-blocks-advanced-columns alignfull has-1-columns has-desktop-equal-layout has-tablet-equal-layout has-mobile-equal-layout has-vertical-unset has-light-bg\"><div class=\"wp-block-themeisle-blocks-advanced-columns-overlay\"><\/div><div class=\"innerblocks-wrap\">\n<div id=\"wp-block-themeisle-blocks-advanced-column-86c8f629\" class=\"wp-block-themeisle-blocks-advanced-column\">\n<p id=\"wp-block-themeisle-blocks-advanced-heading-c688fcb5\" class=\"wp-block-themeisle-blocks-advanced-heading wp-block-themeisle-blocks-advanced-heading-c688fcb5\"> <\/p>\n\n\n\n<h2 class=\"wp-block-heading alignwide has-text-align-center\"> Uzmanl\u0131k Alanlar\u0131<\/h2>\n<\/div>\n<\/div><\/div>\n\n\n\n<div id=\"wp-block-themeisle-blocks-advanced-columns-90845b53\" class=\"wp-block-themeisle-blocks-advanced-columns alignfull has-3-columns has-desktop-equal-layout has-tablet-equal-layout has-mobile-collapsedRows-layout has-vertical-unset has-light-bg\"><div class=\"wp-block-themeisle-blocks-advanced-columns-overlay\"><\/div><div class=\"innerblocks-wrap\">\n<div id=\"wp-block-themeisle-blocks-advanced-column-f4d0871c\" class=\"wp-block-themeisle-blocks-advanced-column has-light-bg\">\n<div class=\"wp-block-themeisle-blocks-service\">\n<div id=\"wp-block-themeisle-blocks-font-awesome-icons-6c3ffa57\" class=\"wp-block-themeisle-blocks-font-awesome-icons\"><span class=\"wp-block-themeisle-blocks-font-awesome-icons-container\"><i class=\"fas fa-gavel\"><\/i><\/span><\/div>\n\n\n\n<h4 id=\"wp-block-themeisle-blocks-advanced-heading-0581cdc3\" class=\"wp-block-themeisle-blocks-advanced-heading wp-block-themeisle-blocks-advanced-heading-0581cdc3\"><a style=\"text-decoration: none; color:black\" href=\"https:\/\/gdhukukarabuluculuk.com\/?page_id=308\" data-type=\"page\" data-id=\"308\">Ceza Hukuku<\/a><\/h4>\n\n\n\n<div id=\"wp-block-themeisle-blocks-advanced-heading-6965a25d\" class=\"wp-block-themeisle-blocks-advanced-heading wp-block-themeisle-blocks-advanced-heading-6965a25d\"><li>A\u011f\u0131r ceza mahkemesinin g\u00f6revli oldu\u011fu ceza davalar\u0131,<\/li><li>Asliye ceza mahkemesinin g\u00f6revli oldu\u011fu ceza davalar\u0131,<\/li><li> Bili\u015fim ili\u015fkin ceza davalar\u0131,<\/li><li>Yakalama, el koyma, arama ve g\u00f6zalt\u0131 gibi koruma tedbirlerine itiraz,<\/li><li>Tutuklamaya itiraz ba\u015fvurusu,<\/li><li>Soru\u015fturma ve kovu\u015fturma a\u015famalar\u0131nda \u015f\u00fcpheli veya san\u0131k m\u00fcdafiili\u011fi,<\/li><li>Ceza davas\u0131n\u0131n t\u00fcm a\u015famalar\u0131nda tahliye taleplerinin mahkemeye sunulmas\u0131,<\/li><li>Ceza davas\u0131nda ma\u011fdur veya m\u00fc\u015fteki vekilli\u011fi,<\/li><li>\u0130stinaf, temyiz ve karar\u0131n d\u00fczeltilmesi ba\u015fvurular\u0131,<\/li><li>\u0130nfaz hukuku ve cezaevi uygulamalar\u0131ndan kaynaklanan sorunlara dair ba\u015fvurular.<\/li><\/div>\n<\/div>\n<\/div>\n\n\n\n<div id=\"wp-block-themeisle-blocks-advanced-column-0c46fa73\" class=\"wp-block-themeisle-blocks-advanced-column has-light-bg\">\n<div class=\"wp-block-themeisle-blocks-service\">\n<div id=\"wp-block-themeisle-blocks-font-awesome-icons-0f9f30d9\" class=\"wp-block-themeisle-blocks-font-awesome-icons\"><span class=\"wp-block-themeisle-blocks-font-awesome-icons-container\"><i class=\"fas fa-money-bill\"><\/i><\/span><\/div>\n\n\n\n<h4 id=\"wp-block-themeisle-blocks-advanced-heading-98b83db3\" class=\"wp-block-themeisle-blocks-advanced-heading wp-block-themeisle-blocks-advanced-heading-98b83db3\"><a style=\"text-decoration: none; color:black\" href=\"https:\/\/gdhukukarabuluculuk.com\/?page_id=337\" data-type=\"page\" data-id=\"337\">Tazminat Hukuku<\/a><\/h4>\n\n\n\n<div id=\"wp-block-themeisle-blocks-advanced-heading-d9382f8a\" class=\"wp-block-themeisle-blocks-advanced-heading wp-block-themeisle-blocks-advanced-heading-d9382f8a\"><li>Trafik kazas\u0131ndan kaynaklanan maddi ve manevi tazminat davas\u0131,<\/li><li>\u0130\u015f kazas\u0131ndan kaynaklanan maddi-manevi tazminat davas\u0131,<\/li><li> Malpraktis davalar\u0131 (hatal\u0131 doktor uygulamalar\u0131ndan kaynaklanan tazminat davas\u0131),<\/li><li>Bo\u015fanma davas\u0131 ile birlikte a\u00e7\u0131lan maddi ve manevi tazminat davalar\u0131,<\/li><li>Haks\u0131z fiillerden kaynaklanan maddi ve manevi tazminat davalar\u0131,<\/li><li>S\u00f6zle\u015fmelerden kaynaklanan alacak ve tazminat davalar\u0131,<\/li><li>Fikri ve S\u0131nai m\u00fclkiyet hakk\u0131ndan kaynaklanan alacak ve tazminat davalar\u0131.<\/li><\/div>\n<\/div>\n<\/div>\n\n\n\n<div id=\"wp-block-themeisle-blocks-advanced-column-73ed9948\" class=\"wp-block-themeisle-blocks-advanced-column has-light-bg\">\n<div class=\"wp-block-themeisle-blocks-service\">\n<div id=\"wp-block-themeisle-blocks-font-awesome-icons-dd1d605b\" class=\"wp-block-themeisle-blocks-font-awesome-icons\"><span class=\"wp-block-themeisle-blocks-font-awesome-icons-container\"><i class=\"fas fa-house-damage\"><\/i><\/span><\/div>\n\n\n\n<h4 id=\"wp-block-themeisle-blocks-advanced-heading-1af1b460\" class=\"wp-block-themeisle-blocks-advanced-heading wp-block-themeisle-blocks-advanced-heading-1af1b460\"><a style=\"text-decoration: none; color:black\" href=\"https:\/\/gdhukukarabuluculuk.com\/?page_id=343\" data-type=\"page\" data-id=\"343\">Gayrimenkul Hukuku<\/a><\/h4>\n\n\n\n<div id=\"wp-block-themeisle-blocks-advanced-heading-2a0ada7d\" class=\"wp-block-themeisle-blocks-advanced-heading wp-block-themeisle-blocks-advanced-heading-2a0ada7d\"><li>Tapu kayd\u0131n\u0131n d\u00fczeltilmesi davas\u0131,<\/li><li>Muris muvazaas\u0131 (mirastan mal ka\u00e7\u0131rma) nedeniyle tapu iptal ve tescil davas\u0131,<\/li><li>\u0130mar uygulamas\u0131ndan kaynaklanan tapu iptali ve tescili davas\u0131,<\/li><li>Vekalet g\u00f6revinin (vekillik yetkisinin) k\u00f6t\u00fcye kullan\u0131lmas\u0131 nedeniyle tapu iptal ve tescil davas\u0131,<\/li><li>Gayrimenkule yap\u0131lan m\u00fcdahalenin men-i (tecav\u00fcz\u00fcn \u00f6nlenmesi) davas\u0131,<\/li><li>\u0130\u015fgal tazminat\u0131 (ecrimisil) davas\u0131,<\/li><li>\u00d6nal\u0131m (\u015eufa) davas\u0131,<\/li><li>Ortakl\u0131\u011f\u0131n giderilmesi (izale-i \u015f\u00fcyu) davalar\u0131,<\/li><li>Kat kar\u015f\u0131l\u0131\u011f\u0131 in\u015faat s\u00f6zle\u015fmesinin d\u00fczenlenmesi,<\/li><li>Gayrimenkul sat\u0131\u015f vaadi s\u00f6zle\u015fmesinin d\u00fczenlenmesi,<\/li><li>Kamula\u015ft\u0131rma, acele kamula\u015ft\u0131rma ve  kamula\u015ft\u0131rmas\u0131z el atma davalar\u0131,<\/li><li>Hukuki dan\u0131\u015fmanl\u0131k.<\/li><\/div>\n<\/div>\n<\/div>\n<\/div><\/div>\n\n\n\n<div id=\"wp-block-themeisle-blocks-advanced-columns-d4178cf2\" class=\"wp-block-themeisle-blocks-advanced-columns alignfull has-3-columns has-desktop-equal-layout has-tablet-equal-layout has-mobile-collapsedRows-layout has-vertical-unset has-light-bg\"><div class=\"wp-block-themeisle-blocks-advanced-columns-overlay\"><\/div><div class=\"innerblocks-wrap\">\n<div id=\"wp-block-themeisle-blocks-advanced-column-0d4c6c27\" class=\"wp-block-themeisle-blocks-advanced-column has-light-bg\">\n<div class=\"wp-block-themeisle-blocks-service\">\n<div id=\"wp-block-themeisle-blocks-font-awesome-icons-c0d50c8c\" class=\"wp-block-themeisle-blocks-font-awesome-icons\"><span class=\"wp-block-themeisle-blocks-font-awesome-icons-container\"><i class=\"fas fa-dollar-sign\"><\/i><\/span><\/div>\n\n\n\n<h4 id=\"wp-block-themeisle-blocks-advanced-heading-188bd33b\" class=\"wp-block-themeisle-blocks-advanced-heading wp-block-themeisle-blocks-advanced-heading-188bd33b\"><a style=\"text-decoration: none; color:black\" href=\"https:\/\/gdhukukarabuluculuk.com\/?page_id=358\" data-type=\"page\" data-id=\"358\">Vergi ve \u0130dare Hukuku<\/a><\/h4>\n\n\n\n<div id=\"wp-block-themeisle-blocks-advanced-heading-0c65d01f\" class=\"wp-block-themeisle-blocks-advanced-heading wp-block-themeisle-blocks-advanced-heading-0c65d01f\"><li>\u0130ptal davas\u0131,<\/li><li>\u0130ptal davas\u0131nda y\u00fcr\u00fctmenin durdurulmas\u0131 talepleri,<\/li><li>Tam yarg\u0131 (tazminat) davas\u0131,<\/li><li>Vergi cezalar\u0131na itiraz,<\/li><li>Vergi cezalar\u0131n\u0131n iptali davas\u0131,<\/li><li>G\u00fcmr\u00fck vergi ve cezalar\u0131na kar\u015f\u0131 itiraz ve iptal davas\u0131.<\/li><\/div>\n<\/div>\n<\/div>\n\n\n\n<div id=\"wp-block-themeisle-blocks-advanced-column-a1bf0d11\" class=\"wp-block-themeisle-blocks-advanced-column has-light-bg\">\n<div class=\"wp-block-themeisle-blocks-service\">\n<div id=\"wp-block-themeisle-blocks-font-awesome-icons-b14f3163\" class=\"wp-block-themeisle-blocks-font-awesome-icons\"><span class=\"wp-block-themeisle-blocks-font-awesome-icons-container\"><i class=\"fas fa-money-bill-wave\"><\/i><\/span><\/div>\n\n\n\n<h4 id=\"wp-block-themeisle-blocks-advanced-heading-38e0d107\" class=\"wp-block-themeisle-blocks-advanced-heading wp-block-themeisle-blocks-advanced-heading-38e0d107\"><a style=\"text-decoration: none; color:black\" href=\"https:\/\/gdhukukarabuluculuk.com\/?page_id=363\" data-type=\"page\" data-id=\"363\">Miras Hukuku<\/a><\/h4>\n\n\n\n<div id=\"wp-block-themeisle-blocks-advanced-heading-d78abe5e\" class=\"wp-block-themeisle-blocks-advanced-heading wp-block-themeisle-blocks-advanced-heading-d78abe5e\"><li>Mirastan mal ka\u00e7\u0131rma (muris muvazaas\u0131) davas\u0131,<\/li><li>Vasiyetname ve miras\u00e7\u0131 tayini s\u00f6zle\u015fmesi d\u00fczenleme,<\/li><li>\u00d6l\u00fcnceye kadar bakma s\u00f6zle\u015fmesi d\u00fczenleme,<\/li><li>Terekeyle ilgili her t\u00fcrl\u00fc tespit, defter tanzimi ve taksim davalar\u0131,<\/li><li>Mirasta tenkis davas\u0131,<\/li><li>Mirasta mal payla\u015f\u0131m\u0131 ve sakl\u0131 pay\u0131n korunmas\u0131 davas\u0131,<\/li><li>Muvazaal\u0131 (dan\u0131\u015f\u0131kl\u0131) miras hukuku i\u015flemlerine kar\u015f\u0131 iptal davalar\u0131,<\/li><li>Miras\u00e7\u0131lar\u0131n miras talebine veya reddine (reddi miras) ili\u015fkin her t\u00fcrl\u00fc dava.<\/li><\/div>\n<\/div>\n<\/div>\n\n\n\n<div id=\"wp-block-themeisle-blocks-advanced-column-478b5ab3\" class=\"wp-block-themeisle-blocks-advanced-column has-light-bg\">\n<div class=\"wp-block-themeisle-blocks-service\">\n<div id=\"wp-block-themeisle-blocks-font-awesome-icons-df2d1cb2\" class=\"wp-block-themeisle-blocks-font-awesome-icons\"><span class=\"wp-block-themeisle-blocks-font-awesome-icons-container\"><i class=\"fas fa-user\"><\/i><\/span><\/div>\n\n\n\n<h4 id=\"wp-block-themeisle-blocks-advanced-heading-282e4190\" class=\"wp-block-themeisle-blocks-advanced-heading wp-block-themeisle-blocks-advanced-heading-282e4190\"><a style=\"text-decoration: none; color:black\" href=\"https:\/\/gdhukukarabuluculuk.com\/?page_id=340\" data-type=\"page\" data-id=\"340\">Medeni Hukuk<\/a><\/h4>\n\n\n\n<div id=\"wp-block-themeisle-blocks-advanced-heading-0d985c65\" class=\"wp-block-themeisle-blocks-advanced-heading wp-block-themeisle-blocks-advanced-heading-0d985c65\"><li>Anla\u015fmal\u0131 veya \u00e7eki\u015fmeli bo\u015fanma davas\u0131,<\/li><li>Bo\u015fanmada maddi ve manevi tazminat davas\u0131,<\/li><li>Bo\u015fanma nedeniyle nafaka, velayet,  maddi ve manevi tazminat davas\u0131,<\/li><li>Bo\u015fanmada mal payla\u015f\u0131m\u0131 davas\u0131, mal payla\u015f\u0131m\u0131na ili\u015fkin kat\u0131lma ve katk\u0131 pay\u0131 alaca\u011f\u0131 davalar\u0131,<\/li><li>Ailenin korunmas\u0131na dair kanun gere\u011fi a\u00e7\u0131lacak davalar,<\/li><li>Soyba\u011f\u0131n\u0131n kurulmas\u0131 davalar\u0131 (Nesebin reddi, tan\u0131ma veya babal\u0131k davalar\u0131),<\/li><li>Hukuki dan\u0131\u015fmanl\u0131k ve dilek\u00e7e yaz\u0131m\u0131.<\/li><\/div>\n<\/div>\n<\/div>\n<\/div><\/div>\n\n\n\n<div id=\"wp-block-themeisle-blocks-advanced-columns-ee32e548\" class=\"wp-block-themeisle-blocks-advanced-columns alignfull has-2-columns has-desktop-equal-layout has-tablet-equal-layout has-mobile-collapsedRows-layout has-vertical-unset has-light-bg\"><div class=\"wp-block-themeisle-blocks-advanced-columns-overlay\"><\/div><div class=\"innerblocks-wrap\">\n<div id=\"wp-block-themeisle-blocks-advanced-column-b99923bb\" class=\"wp-block-themeisle-blocks-advanced-column has-light-bg\">\n<div class=\"wp-block-themeisle-blocks-service\">\n<div id=\"wp-block-themeisle-blocks-font-awesome-icons-e6560652\" class=\"wp-block-themeisle-blocks-font-awesome-icons\"><span class=\"wp-block-themeisle-blocks-font-awesome-icons-container\"><i class=\"fas fa-building\"><\/i><\/span><\/div>\n\n\n\n<h4 id=\"wp-block-themeisle-blocks-advanced-heading-2b158802\" class=\"wp-block-themeisle-blocks-advanced-heading wp-block-themeisle-blocks-advanced-heading-2b158802\"><a style=\"text-decoration: none; color:black\" href=\"https:\/\/gdhukukarabuluculuk.com\/?page_id=369\" data-type=\"page\" data-id=\"369\">\u015eirketler Hukuku<\/a><\/h4>\n\n\n\n<div id=\"wp-block-themeisle-blocks-advanced-heading-31a21626\" class=\"wp-block-themeisle-blocks-advanced-heading wp-block-themeisle-blocks-advanced-heading-31a21626\"><li>Anonim ve limited \u015firketlere dan\u0131\u015fmanl\u0131k hizmeti,<\/li><li>\u015eirket sat\u0131n almalar\u0131 ve \u015firket birle\u015fmeleri,<\/li><li>Ticaret ve rekabet hukuku,<\/li><li>Her t\u00fcrl\u00fc ticari s\u00f6zle\u015fmenin d\u00fczenlenmesi,<\/li><li>Hukuki dan\u0131\u015fmanl\u0131k.<\/li><\/div>\n<\/div>\n<\/div>\n\n\n\n<div id=\"wp-block-themeisle-blocks-advanced-column-1ab337bb\" class=\"wp-block-themeisle-blocks-advanced-column has-light-bg\">\n<div class=\"wp-block-themeisle-blocks-service\">\n<div id=\"wp-block-themeisle-blocks-font-awesome-icons-24fc37a0\" class=\"wp-block-themeisle-blocks-font-awesome-icons\"><span class=\"wp-block-themeisle-blocks-font-awesome-icons-container\"><i class=\"fas fa-shopping-bag\"><\/i><\/span><\/div>\n\n\n\n<h4 id=\"wp-block-themeisle-blocks-advanced-heading-92263b7f\" class=\"wp-block-themeisle-blocks-advanced-heading wp-block-themeisle-blocks-advanced-heading-92263b7f\"><a style=\"text-decoration: none; color:black\" href=\"https:\/\/gdhukukarabuluculuk.com\/?page_id=372\" data-type=\"page\" data-id=\"372\">\u0130\u015f Hukuku<\/a><\/h4>\n\n\n\n<div id=\"wp-block-themeisle-blocks-advanced-heading-c17d36bc\" class=\"wp-block-themeisle-blocks-advanced-heading wp-block-themeisle-blocks-advanced-heading-c17d36bc\"><li>Trafik kazas\u0131ndan kaynaklanan maddi ve manevi tazminat davas\u0131,<\/li><li>\u0130\u015f kazas\u0131ndan kaynaklanan maddi-manevi tazminat davas\u0131,<\/li><li> Malpraktis davalar\u0131 (hatal\u0131 doktor uygulamalar\u0131ndan kaynaklanan tazminat davas\u0131),<\/li><li>Bo\u015fanma davas\u0131 ile birlikte a\u00e7\u0131lan maddi ve manevi tazminat davalar\u0131,<\/li><li>Haks\u0131z fiillerden kaynaklanan maddi ve manevi tazminat davalar\u0131,<\/li><li>S\u00f6zle\u015fmelerden kaynaklanan alacak ve tazminat davalar\u0131,<\/li><li>Fikri ve S\u0131nai m\u00fclkiyet hakk\u0131ndan kaynaklanan alacak ve tazminat davalar\u0131.<\/li><\/div>\n<\/div>\n<\/div>\n<\/div><\/div>\n\n\n\n<div id=\"wp-block-themeisle-blocks-advanced-columns-ed9e0b26\" class=\"wp-block-themeisle-blocks-advanced-columns alignfull has-2-columns has-desktop-equal-layout has-tablet-equal-layout has-mobile-collapsedRows-layout has-vertical-unset has-light-bg\"><div class=\"wp-block-themeisle-blocks-advanced-columns-overlay\"><\/div><div class=\"innerblocks-wrap\">\n<div id=\"wp-block-themeisle-blocks-advanced-column-69ed6f61\" class=\"wp-block-themeisle-blocks-advanced-column has-light-bg\">\n<div class=\"wp-block-themeisle-blocks-service\">\n<div id=\"wp-block-themeisle-blocks-font-awesome-icons-d2374cc9\" class=\"wp-block-themeisle-blocks-font-awesome-icons\"><span class=\"wp-block-themeisle-blocks-font-awesome-icons-container\"><i class=\"fas fa-user\"><\/i><\/span><\/div>\n\n\n\n<h4 id=\"wp-block-themeisle-blocks-advanced-heading-8b11d48b\" class=\"wp-block-themeisle-blocks-advanced-heading wp-block-themeisle-blocks-advanced-heading-8b11d48b\">Yabanc\u0131lar Hukuku<\/h4>\n\n\n\n<div id=\"wp-block-themeisle-blocks-advanced-heading-f6aeadb6\" class=\"wp-block-themeisle-blocks-advanced-heading wp-block-themeisle-blocks-advanced-heading-f6aeadb6\"> <li>T\u00fcrkiye\u2019de ya\u015famak isteyen yabanc\u0131lar\u0131n oturma izni, oturma izni uzatma ba\u015fvurular\u0131n\u0131n yap\u0131lmas\u0131, takibi ve sonu\u00e7land\u0131r\u0131lmas\u0131,<\/li> <li>Do\u011frudan Yabanc\u0131 Yat\u0131r\u0131mlar Kanununa tabii t\u00fczel ki\u015filer nezdinde istihdam edilecek yabanc\u0131lar da dahil olmak \u00fczere, T\u00fcrkiye\u2019de istihdam edilmesi planlanan yabanc\u0131lar\u0131n \u00e7al\u0131\u015fma izni, \u00e7al\u0131\u015fma izin uzat\u0131m ba\u015fvurusunun yap\u0131lmas\u0131, takibi ve sonu\u00e7land\u0131r\u0131lmas\u0131,<\/li> <li>T\u00fcrkiye\u2019de \u00e7al\u0131\u015fma izni edinecek ki\u015filerin de e\u015fi ve \u00e7ocuklar\u0131na da destekleyici yoluyla aile ikamet izni ba\u015fvurusunun yap\u0131lmas\u0131, takibi ve sonu\u00e7land\u0131r\u0131lmas\u0131,<\/li><li>5901 Say\u0131l\u0131 T\u00fcrk Vatanda\u015fl\u0131\u011f\u0131 Kanunu kapsam\u0131nda, T\u00fcrk Vatanda\u015fl\u0131\u011f\u0131n\u0131 kazanmak etmek isteyen yabanc\u0131lar\u0131n vatanda\u015fl\u0131k ba\u015fvuru i\u015flemlerinin yap\u0131lmas\u0131, takibi ve sonu\u00e7land\u0131r\u0131lmas\u0131,<\/li> <li>3065 Say\u0131l\u0131 Katma De\u011fer Vergisi Kanunu 13\/i bendi kapsam\u0131nda, T\u00fcrkiye\u2019de yerle\u015fik olmayan yabanc\u0131lar\u0131n T\u00fcrkiye\u2019de ta\u015f\u0131nmaz sat\u0131n al\u0131mlar\u0131nda \u00f6demekle y\u00fck\u00fcml\u00fc olan katma de\u011fer vergisinden muafiyet ba\u015fvuru i\u015flemlerinin yap\u0131lmas\u0131, takibi ve sonu\u00e7land\u0131r\u0131lmas\u0131.<\/li> <\/div>\n<\/div>\n<\/div>\n\n\n\n<div id=\"wp-block-themeisle-blocks-advanced-column-503f6b97\" class=\"wp-block-themeisle-blocks-advanced-column has-light-bg\">\n<div class=\"wp-block-themeisle-blocks-service\">\n<div id=\"wp-block-themeisle-blocks-font-awesome-icons-5a4d62aa\" class=\"wp-block-themeisle-blocks-font-awesome-icons\"><span class=\"wp-block-themeisle-blocks-font-awesome-icons-container\"><i class=\"fas fa-dollar-sign\"><\/i><\/span><\/div>\n\n\n\n<h4 id=\"wp-block-themeisle-blocks-advanced-heading-5a746439\" class=\"wp-block-themeisle-blocks-advanced-heading wp-block-themeisle-blocks-advanced-heading-5a746439\">Kira <a style=\"text-decoration: none; color:black\" href=\"https:\/\/gdhukukarabuluculuk.com\/?page_id=372\" data-type=\"page\" data-id=\"372\">Hukuku<\/a><\/h4>\n\n\n\n<div id=\"wp-block-themeisle-blocks-advanced-heading-067a8da8\" class=\"wp-block-themeisle-blocks-advanced-heading wp-block-themeisle-blocks-advanced-heading-067a8da8\">\n<li>Kira S\u00f6zle\u015fmeleri &#8211; Tahliye, Tespit, Uyarlama, Alacak ve Tazminat&nbsp;Davalar,<\/li>\n<li> Kira S\u00f6zle\u015fmesinde Yan Giderler,<\/li>\n<li>Kira S\u00f6zle\u015fmesinden Kaynaklanan Uyu\u015fmazl\u0131klar,<\/li>\n<li>Kira S\u00f6zle\u015fmesindeki Sorunlar,<\/li>\n<li>Kiral\u0131yan\u0131n Hapis Hakk\u0131n\u0131n Kullan\u0131lmas\u0131,<\/li>\n<li>Kira S\u00f6zle\u015fmesi ve Kira S\u00f6zle\u015fmesinden Kaynaklanan&nbsp;Davalar,<\/li>\n<li>Yeniden \u0130n\u015fa veya \u0130mar Sebebiyle Tahliye ve Kentsel D\u00f6n\u00fc\u015f\u00fcmde Kirac\u0131n\u0131n&nbsp;Durumu,<\/li>\n<li>Konut ve \u00c7at\u0131l\u0131 \u0130\u015fyeri Kiralar\u0131nda Kira Tespiti ve Kira S\u00f6zle\u015fmesinin Sona&nbsp;Erdirilmesi,<\/li>\n<li>Kira S\u00f6zle\u015fmesinde Ay\u0131ptan Sorumluluk,<\/li>\n<li>10 Y\u0131l Uzama S\u00fcresi Sonu Kirac\u0131n\u0131n Tahliyesi Tahliyeden Korunma&nbsp;\u00d6nlemleri,<\/li>\n<li>\u0130cra ve \u0130flas Kanunu&#8217;na G\u00f6re Kira ve&nbsp;Tahliye.<\/li>\n<\/div>\n<\/div>\n<\/div>\n<\/div><\/div>\n\n\n\n<p><\/p>\n","protected":false},"excerpt":{"rendered":"","protected":false},"author":1,"featured_media":0,"parent":0,"menu_order":0,"comment_status":"closed","ping_status":"closed","template":"page-templates\/template-pagebuilder-full-width.php","meta":{"neve_meta_sidebar":"full-width","neve_meta_container":"contained","neve_meta_enable_content_width":"on","neve_meta_content_width":100,"neve_meta_title_alignment":"","neve_meta_author_avatar":"","neve_post_elements_order":"","neve_meta_disable_header":"","neve_meta_disable_footer":"","neve_meta_disable_title":"on","_themeisle_gutenberg_block_has_review":false,"footnotes":""},"class_list":["post-142","page","type-page","status-publish","hentry"],"_links":{"self":[{"href":"https:\/\/gdhukukarabuluculuk.com\/index.php?rest_route=\/wp\/v2\/pages\/142","targetHints":{"allow":["GET"]}}],"collection":[{"href":"https:\/\/gdhukukarabuluculuk.com\/index.php?rest_route=\/wp\/v2\/pages"}],"about":[{"href":"https:\/\/gdhukukarabuluculuk.com\/index.php?rest_route=\/wp\/v2\/types\/page"}],"author":[{"embeddable":true,"href":"https:\/\/gdhukukarabuluculuk.com\/index.php?rest_route=\/wp\/v2\/users\/1"}],"replies":[{"embeddable":true,"href":"https:\/\/gdhukukarabuluculuk.com\/index.php?rest_route=%2Fwp%2Fv2%2Fcomments&post=142"}],"version-history":[{"count":50,"href":"https:\/\/gdhukukarabuluculuk.com\/index.php?rest_route=\/wp\/v2\/pages\/142\/revisions"}],"predecessor-version":[{"id":432,"href":"https:\/\/gdhukukarabuluculuk.com\/index.php?rest_route=\/wp\/v2\/pages\/142\/revisions\/432"}],"wp:attachment":[{"href":"https:\/\/gdhukukarabuluculuk.com\/index.php?rest_route=%2Fwp%2Fv2%2Fmedia&parent=142"}],"curies":[{"name":"wp","href":"https:\/\/api.w.org\/{rel}","templated":true}]}}